  {"id":1252,"date":"2023-09-13T14:29:53","date_gmt":"2023-09-14T00:29:53","guid":{"rendered":"https:\/\/www.hawaii.edu\/kawaihapai\/?page_id=1252"},"modified":"2024-09-04T09:09:14","modified_gmt":"2024-09-04T19:09:14","slug":"haloanakalaukapalili","status":"publish","type":"page","link":"https:\/\/www.hawaii.edu\/kawaihapai\/akua-list\/haloanakalaukapalili\/","title":{"rendered":"H\u0101loanakalaukapalili"},"content":{"rendered":"\n<p><strong>Inoa | Name(s) <\/strong><\/p>\n\n\n\n<p>H\u0101loanakalaukapalili<\/p>\n\n\n\n<p><strong>H\u014d\u02bbulu\u02bbulu mana\u02bbo<\/strong><\/p>\n\n\n\n<p>He kalo \u02bbo H\u0101loanakalaukapalili, kapa \u02bbia ho\u02bbi \u02bbo H\u0101loa. H\u0101nau \u02bbia he keiki \u02bbe\u02bbepa na W\u0101kea l\u0101ua \u02bbo Ho\u02bboh\u014dk\u016bkalani. Kanu \u02bbia ihola \u02bbo ia a mai kona lua a\u02bbe i ulu ai ke kalo mua loa. \u02bbO kona mau kaikua\u02bbana n\u0101 mokupuni o Hawai\u02bbi i h\u0101nau \u02bbia na Papa l\u0101ua \u02bbo W\u0101kea. \u02bbO kona kaikaina \u02bbo H\u0101loa, he kanaka i h\u0101nau \u02bbia na W\u0101kea l\u0101ua \u02bbo Ho\u02bboh\u014dk\u016bkalani. \u02bbO kona mau h\u0101nau mua n\u0101 mea i ola ai ke kanaka \u02bbo H\u0101loa. \u02bbO n\u0101 mokupuni kahi e noho ai. \u02bbO H\u0101loanakalaukapalili, \u02bbo ia ho\u02bbi ke kalo mua loa, ka mea e \u02bbai ai. P\u0113nei e ola ai n\u0101 hanauna k\u0101naka mai ia w\u0101 a hiki i k\u0113ia manawa.<\/p>\n\n\n\n<p><strong>Description<\/strong><\/p>\n\n\n\n<p>H\u0101loanakalaukapalili, also known as H\u0101loa, is a kalo plant. He was the stillborn child of W\u0101kea and Ho\u02bboh\u014dk\u016bkalani. He was buried and from his grave grew the first kalo plant.&nbsp;His elder siblings are the islands of Hawai\u02bbi that were born of Papa and W\u0101kea. His younger brother is H\u0101loa, a human born of W\u0101kea and Ho\u02bboh\u014dk\u016bkalani. Human H\u0101loa was able to survive due to his elder siblings. The islands provided a place for him to live. H\u0101loanakalaukapalili, the first kalo plant, provided sustenance. Thus have the subsequent generations of humans survived from that time until today.<\/p>\n\n\n\n<p><strong>\u02bb\u014clelo kuhikuhi<\/strong><\/p>\n\n\n\n<p>E koho i k\u0113ia hua\u02bb\u014dlelo no n\u0101 kumuwaiwai pili i\u0101 H\u0101loankalaukapalili, ka mea i kapa p\u016b \u02bbia \u02bbO H\u0101loa, \u02bbo ia ho\u02bbi ke kua\u02bbana o n\u0101 po\u02bbe Hawai\u02bbi ma ke kinolau o ke kalo i mahi \u02bbia ma Hawai\u02bbi<\/p>\n\n\n\n<p><strong>Instructions<\/strong><\/p>\n\n\n\n<p>Use for resources related to H\u0101loanakalaukapalili, also sometimes called H\u0101loa, who is represented in the form of the kalo grown in Hawai\u02bbi<\/p>\n\n\n\n<p><strong>Mo\u02bbok\u016b\u02bbauhau | Genealogy<\/strong><\/p>\n\n\n\n<p><em>Akua | Deity<\/em><strong>:<\/strong> <a href=\"https:\/\/www.hawaii.edu\/kawaihapai\/akua-list\/haloa\/\">H\u0101loa<\/a><\/p>\n\n\n\n<p><em>Makua | Parent:&nbsp;<\/em><a href=\"https:\/\/www.hawaii.edu\/kawaihapai\/akua-list\/wakea\/\">W\u0101kea<\/a>; Ho\u02bboh\u014dk\u016bkalani<\/p>\n\n\n\n<p><strong>\u02bb\u0100ina | Land\/sea:<\/strong> <a href=\"https:\/\/www.hawaii.edu\/kawaihapai\/ka-pae-\u02bbaina-o-hawai\u02bbi-na-kai-\u02bbewalu\/\">Pae \u02bb\u0101ina o Hawai\u02bbi<\/a>; <a href=\"https:\/\/www.hawaii.edu\/kawaihapai\/ka-pae-\u02bbaina-o-hawai\u02bbi-na-kai-\u02bbewalu\/hawai\u02bbi\/\">Hawai\u02bbi;<\/a> <a href=\"https:\/\/www.hawaii.edu\/kawaihapai\/ka-pae-\u02bbaina-o-hawai\u02bbi-na-kai-\u02bbewalu\/maui\/\">Maui<\/a>; <a href=\"https:\/\/www.hawaii.edu\/kawaihapai\/ka-pae-\u02bbaina-o-hawai\u02bbi-na-kai-\u02bbewalu\/moloka\u02bbi\/\">Moloka\u02bbi<\/a>; <a href=\"https:\/\/www.hawaii.edu\/kawaihapai\/ka-pae-\u02bbaina-o-hawai\u02bbi-na-kai-\u02bbewalu\/lana\u02bbi\/\">L\u0101na\u02bbi<\/a>; <a href=\"https:\/\/www.hawaii.edu\/kawaihapai\/ka-pae-\u02bbaina-o-hawai\u02bbi-na-kai-\u02bbewalu\/o\u02bbahu\/\">O\u02bbahu<\/a>; <a href=\"https:\/\/www.hawaii.edu\/kawaihapai\/ka-pae-\u02bbaina-o-hawai\u02bbi-na-kai-\u02bbewalu\/kaua\u02bbi\/\">Kaua\u02bbi<\/a>; <a href=\"https:\/\/www.hawaii.edu\/kawaihapai\/ka-pae-\u02bbaina-o-hawai\u02bbi-na-kai-\u02bbewalu\/ni\u02bbihau\/\">Ni\u02bbihau<\/a>; <a href=\"https:\/\/www.hawaii.edu\/kawaihapai\/ka-pae-\u02bbaina-o-hawai\u02bbi-na-kai-\u02bbewalu\/kaho\u02bbolawe\/\">Kaho\u02bbolawe<\/a><\/p>\n\n\n\n<p><strong>Hana | Practice: <\/strong><a href=\"https:\/\/www.hawaii.edu\/kawaihapai\/hana-list\/mahi-\u02bbai-kalo\/\">Mahi\u02bbai kalo<\/a><\/p>\n\n\n\n<p><strong>Kinolau | Form:<\/strong> Kalo<sup>1<\/sup><\/p>\n\n\n\n<p><strong>Hanana | Event<\/strong><\/p>\n\n\n\n<p>Origin of the kalo plant<sup>1<\/sup><\/p>\n\n\n\n<p><strong>K\u016bmole | Source(s)<\/strong><\/p>\n\n\n\n<p>1. Pukui, Mary Kawena, and Samuel H. (Samuel Hoyt) Elbert. <em>Hawaiian Dictionary\u202f: Hawaiian-English, English-Hawaiian<\/em>. Rev. and enl. Ed. Honolulu: ¶«¾«Ó°Òµ Press, 1986.<\/p>\n\n\n\n<p><strong>Ho\u02bbopili \u02bbia i | Applied to:&nbsp;<\/strong><a href=\"https:\/\/uhawaii-manoa.primo.exlibrisgroup.com\/permalink\/01UHAWAII_MANOA\/1j16209\/alma9932102864605682\">Haloa<\/a>; <a href=\"https:\/\/uhawaii-manoa.primo.exlibrisgroup.com\/permalink\/01UHAWAII_MANOA\/1j16209\/alma9951152126705682\">Finding meaning Kaona and contemporary Hawaiian literature: Chapter 3: Kaona connectivity to Papa, W\u0101kea, and H\u0101loa Naka (Chapter 3)<\/a><\/p>\n\n\n\n<p><strong>Mea haku | Created by:&nbsp;<\/strong>Puaokamele Dizon<\/p>\n\n\n\n<p><strong>Mea loiloi | Edited by:<\/strong> Annemarie Paikai<\/p>\n","protected":false},"excerpt":{"rendered":"<p>Inoa | Name(s) H\u0101loanakalaukapalili H\u014d\u02bbulu\u02bbulu mana\u02bbo He kalo \u02bbo H\u0101loanakalaukapalili, kapa \u02bbia ho\u02bbi \u02bbo H\u0101loa. H\u0101nau \u02bbia he keiki \u02bbe\u02bbepa na W\u0101kea l\u0101ua \u02bbo Ho\u02bboh\u014dk\u016bkalani. Kanu \u02bbia ihola \u02bbo ia a mai kona lua a\u02bbe i ulu ai ke kalo &hellip; <\/p>\n","protected":false},"author":216,"featured_media":0,"parent":925,"menu_order":3,"comment_status":"closed","ping_status":"closed","template":"","meta":{"footnotes":"[]"},"class_list":["post-1252","page","type-page","status-publish","hentry"],"_links":{"self":[{"href":"https:\/\/www.hawaii.edu\/kawaihapai\/wp-json\/wp\/v2\/pages\/1252","targetHints":{"allow":["GET"]}}],"collection":[{"href":"https:\/\/www.hawaii.edu\/kawaihapai\/wp-json\/wp\/v2\/pages"}],"about":[{"href":"https:\/\/www.hawaii.edu\/kawaihapai\/wp-json\/wp\/v2\/types\/page"}],"author":[{"embeddable":true,"href":"https:\/\/www.hawaii.edu\/kawaihapai\/wp-json\/wp\/v2\/users\/216"}],"replies":[{"embeddable":true,"href":"https:\/\/www.hawaii.edu\/kawaihapai\/wp-json\/wp\/v2\/comments?post=1252"}],"version-history":[{"count":22,"href":"https:\/\/www.hawaii.edu\/kawaihapai\/wp-json\/wp\/v2\/pages\/1252\/revisions"}],"predecessor-version":[{"id":3065,"href":"https:\/\/www.hawaii.edu\/kawaihapai\/wp-json\/wp\/v2\/pages\/1252\/revisions\/3065"}],"up":[{"embeddable":true,"href":"https:\/\/www.hawaii.edu\/kawaihapai\/wp-json\/wp\/v2\/pages\/925"}],"wp:attachment":[{"href":"https:\/\/www.hawaii.edu\/kawaihapai\/wp-json\/wp\/v2\/media?parent=1252"}],"curies":[{"name":"wp","href":"https:\/\/api.w.org\/{rel}","templated":true}]}}