  {"id":1727,"date":"2023-11-28T09:11:57","date_gmt":"2023-11-28T19:11:57","guid":{"rendered":"https:\/\/www.hawaii.edu\/kawaihapai\/?page_id=1727"},"modified":"2024-09-03T13:28:54","modified_gmt":"2024-09-03T23:28:54","slug":"lele-kawa","status":"publish","type":"page","link":"https:\/\/www.hawaii.edu\/kawaihapai\/hana-list\/lele-kawa\/","title":{"rendered":"Lele kawa"},"content":{"rendered":"\n<p><strong>Inoa | Name(s)<\/strong><\/p>\n\n\n\n<p>Lele kawa; Lele \u02bbopu<\/p>\n\n\n\n<p><strong>H\u014d\u02bbulu\u02bbulu mana\u02bbo<\/strong><\/p>\n\n\n\n<p>\u02bbO ka lele kawa, a i\u02bbole ka lele \u02bbopu, ka lu\u02bbu \u02bbana i ke kai me ka w\u0101wae mua mai kahi ki\u02bbeki\u02bbe loa me ka loa\u02bba \u02bbole o ka pah\u016b nui i ke komo \u02bbana i ke kai. \u02bbO ka papa lele kawa kahi e k\u016b ai ke kanaka a mai ia wahi e lele ai. Puni ke ali\u02bbi nui \u02bbo Kahekili no Maui i ka p\u0101\u02bbani o ka lele kawa. Aia ma L\u0101na\u02bbi, ma ka pali o Kaunol\u016b, kahi i kapa \u02bbia \u02bbo Kawa Lele o Kahekili, no ka lele kawa \u02bbana \u02bbo Kahekili ma k\u0113l\u0101 wahi pono\u02bb\u012b. \u02bbO Kaumaea, Ka\u02bb\u016b kahi kaulana \u02bb\u0113 a\u02bbe no ka lele kawa \u02bbana.<\/p>\n\n\n\n<p><strong>Description<\/strong><\/p>\n\n\n\n<p>Lele kawa, also known as lele \u02bbopu, is act of diving into the ocean feet first from a very high point without making a splash upon entering the water. The papa lele kawa is the diving board from which the person leaping stands and leaps from. Kahekili, the ali\u02bbi nui of Maui, loved the sport of lele kawa. On L\u0101na\u02bbi, at the cliff of Kaunol\u016b, there is a place called Kawa Lele o Kahekili honoring Kahekili for diving from the specific point. Kaumaea, Ka\u02bb\u016b is another famed location for diving in this way.<\/p>\n\n\n\n<p><strong>\u02bb\u014clelo kuhikuhi<\/strong><\/p>\n\n\n\n<p>E koho i k\u0113ia hua\u02bb\u014dlelo no n\u0101 kumuwaiwai pili i ka p\u0101\u02bbani i kapa \u02bbia ka lele kawa a i \u02bbole ka lele \u02bbopu.<\/p>\n\n\n\n<p><strong>Instructions&nbsp;<\/strong><\/p>\n\n\n\n<p>Use this term for resources relating to the sport called lele kawa or lele \u02bbopu.<\/p>\n\n\n\n<p><strong>Mo\u02bbok\u016b\u02bbauhau | Genealogy\u00a0<\/strong><\/p>\n\n\n\n<p><em>Kanaka | Person:<\/em> Kahekili<\/p>\n\n\n\n<p><strong>\u02bb\u0100ina | Land\/sea:\u00a0<\/strong>Kaumea (Ka\u02bb\u016b); Kaunol\u016b (L\u0101na\u02bbi); Kawa Lele o Kahekili (Kaunol\u016b, L\u0101na\u02bbi)<\/p>\n\n\n\n<p><strong>Hana | Practice:<\/strong> Lele pah\u016b<\/p>\n\n\n\n<p><strong>Lako | Materials + tools \/ implements:<\/strong> Lau hau<\/p>\n\n\n\n<p><strong>Lawena | Behavior:<\/strong> Lele; Lu\u02bbu<\/p>\n\n\n\n<p><strong>K\u016bkulu | Built environment:<\/strong> Papa lele kawa<\/p>\n\n\n\n<p><strong>K\u016bmole | Source(s)<\/strong><\/p>\n\n\n\n<p>Mitchell, Donald D. Kilolani, Oliver C Kinney, and Donald D. Kilolani Mitchell. <em>Hawaiian Games to Play\u202f: Descriptions of Traditional Hawaiian Games with Directions for Playing<\/em>. 2nd ed. Honolulu: Kamehameha Publishing, 2006.<\/p>\n\n\n\n<p>Pukui, Mary Kawena, and Samuel H. (Samuel Hoyt) Elbert. <em>Hawaiian Dictionary\u202f: Hawaiian-English, English-Hawaiian<\/em>. Rev. and enl. Ed. Honolulu: ¶«¾«Ó°Òµ Press, 1986.<\/p>\n\n\n\n<p><strong>Ho\u02bbopili \u02bbia i | Applied to:\u00a0<\/strong><a href=\"https:\/\/uhawaii-mauicc.primo.exlibrisgroup.com\/permalink\/01UHAWAII_MAUI\/u1ot8v\/alma9950848304205692\">He mo\u02bbolelo no Maui Hikina&#8211;Kalialinui i uka a me na\u0304 \u02bba\u0304ina o lalo = A cultural-historical study of East Maui&#8211;the uplands of Kalialinui, and the lands that lie below, island of Maui<\/a>; <a href=\"https:\/\/uhawaii-manoa.primo.exlibrisgroup.com\/permalink\/01UHAWAII_MANOA\/11uc19p\/alma9921062904605682\">He mo\u02bbolelo ka\u02bbao no Kek uhaupi\u02bbo ke koa kaulana o ke au o Kamehameha ka Nui<\/a><\/p>\n\n\n\n<p><strong>Mea haku | Created by:<\/strong><strong>\u00a0<\/strong>Keahiahi Long; Annemarie Paikai<\/p>\n","protected":false},"excerpt":{"rendered":"<p>Inoa | Name(s) Lele kawa; Lele \u02bbopu H\u014d\u02bbulu\u02bbulu mana\u02bbo \u02bbO ka lele kawa, a i\u02bbole ka lele \u02bbopu, ka lu\u02bbu \u02bbana i ke kai me ka w\u0101wae mua mai kahi ki\u02bbeki\u02bbe loa me ka loa\u02bba \u02bbole o ka pah\u016b nui &hellip; <\/p>\n","protected":false},"author":216,"featured_media":0,"parent":878,"menu_order":26,"comment_status":"closed","ping_status":"closed","template":"","meta":{"footnotes":""},"class_list":["post-1727","page","type-page","status-publish","hentry"],"_links":{"self":[{"href":"https:\/\/www.hawaii.edu\/kawaihapai\/wp-json\/wp\/v2\/pages\/1727","targetHints":{"allow":["GET"]}}],"collection":[{"href":"https:\/\/www.hawaii.edu\/kawaihapai\/wp-json\/wp\/v2\/pages"}],"about":[{"href":"https:\/\/www.hawaii.edu\/kawaihapai\/wp-json\/wp\/v2\/types\/page"}],"author":[{"embeddable":true,"href":"https:\/\/www.hawaii.edu\/kawaihapai\/wp-json\/wp\/v2\/users\/216"}],"replies":[{"embeddable":true,"href":"https:\/\/www.hawaii.edu\/kawaihapai\/wp-json\/wp\/v2\/comments?post=1727"}],"version-history":[{"count":2,"href":"https:\/\/www.hawaii.edu\/kawaihapai\/wp-json\/wp\/v2\/pages\/1727\/revisions"}],"predecessor-version":[{"id":2944,"href":"https:\/\/www.hawaii.edu\/kawaihapai\/wp-json\/wp\/v2\/pages\/1727\/revisions\/2944"}],"up":[{"embeddable":true,"href":"https:\/\/www.hawaii.edu\/kawaihapai\/wp-json\/wp\/v2\/pages\/878"}],"wp:attachment":[{"href":"https:\/\/www.hawaii.edu\/kawaihapai\/wp-json\/wp\/v2\/media?parent=1727"}],"curies":[{"name":"wp","href":"https:\/\/api.w.org\/{rel}","templated":true}]}}