  {"id":661,"date":"2023-06-11T16:32:53","date_gmt":"2023-06-12T02:32:53","guid":{"rendered":"https:\/\/www.hawaii.edu\/kawaihapai\/?page_id=661"},"modified":"2024-09-04T08:48:17","modified_gmt":"2024-09-04T18:48:17","slug":"lana%ca%bbi","status":"publish","type":"page","link":"https:\/\/www.hawaii.edu\/kawaihapai\/ka-pae-%ca%bbaina-o-hawai%ca%bbi-na-kai-%ca%bbewalu\/lana%ca%bbi\/","title":{"rendered":"L\u0101na\u02bbi"},"content":{"rendered":"\n<p><strong><strong>Inoa | Name(s)<\/strong><\/strong><\/p>\n\n\n\n<p>L\u0101na&#8217;i; N\u0101na\u02bbi; L\u0101na\u02bbi a Kaulul\u0101\u02bbau; L\u0101na\u02bbika\u02bbula<\/p>\n\n\n\n<p><strong>Hi\u02bbona \u02bb\u0101ina | Land characteristic:<\/strong> Mokupuni<\/p>\n\n\n\n<p><strong>Hi\u02bbona \u02bb\u0101ina o loko o k\u0113ia wahi | Feature(s) located within this place:<\/strong> Ka\u02bb\u0101; Paomai; Mahana; Maunalei; Kalulu; Kaunol\u016b; P\u0101l\u0101wai; Pa\u02bbawili; Kaohai; Kamao; Ke\u0101liaaupuni; Ke\u0101liakapu; Kamoku; L\u0101na\u02bbihale<\/p>\n\n\n\n<p><strong>Hi\u02bbona \u02bb\u0101ina nona k\u0113ia wahi | Feature(s) that contain this place:<\/strong> <a href=\"https:\/\/www.hawaii.edu\/kawaihapai\/ka-pae-\u02bbaina-o-hawai\u02bbi-na-kai-\u02bbewalu\/\">Pae \u02bb\u0101ina o Hawai\u02bbi<\/a>; Maui Nui; <a href=\"https:\/\/www.hawaii.edu\/kawaihapai\/lahaina\/\" data-type=\"page\" data-id=\"721\">L\u0101hain\u0101<\/a><\/p>\n\n\n\n<p><strong>H\u014d\u02bbulu\u02bbulu mana\u02bbo<\/strong><\/p>\n\n\n\n<p>He mokupuni k\u0113ia ma ka pae \u02bb\u0101ina o Hawai\u02bbi. Aia p\u016b k\u0113ia mokupuni ma ka p\u016b\u02bbulu mokupuni o Maui Nui. I k\u0113ia mau l\u0101 aia ma n\u0101 palena o ke kalana o Maui. Kapa p\u016b \u02bbia k\u0113ia mokupuni \u02bbO N\u0101na\u02bbi. Lohe p\u016b \u02bbia \u02bbO L\u0101na\u02bbi a Kaulul\u0101\u02bbau a me L\u0101na\u02bbika\u02bbula. Wahi a kekahi mele ko\u02bbihonua, \u02bbO W\u0101kea l\u0101ua \u02bbo Ho\u02bboh\u014dk\u016bkalani n\u0101 m\u0101kua o k\u0113ia mokupuni. \u02bbO L\u0101na\u02bbihale ka mauna ki\u02bbeki\u02bbe o L\u0101na\u02bbi. He \u02bbekolu mau kai e puni ana k\u0113ia mokupuni: \u02bbO \u02bbAu\u02bbau ke kai ma waena o L\u0101na\u02bbi a me Maui, \u02bbO Kealaikahiki ke kai ma waena o L\u0101na\u02bbi a me Kaho\u02bbolawe, a \u02bbo Kalohi ke kai ma waena o L\u0101na\u02bbi a me Moloka\u02bbi. \u02bbO kekahi o n\u0101 wahi kaulana o L\u0101na\u02bbi \u02bbo ia ke kauhale \u02bbo K\u014d\u02bbele a me ka ulu l\u0101\u02bbau o K\u0101nepu\u02bbu. I k\u0113ia mau l\u0101, kaulana \u02bbO L\u0101na\u02bbi i ka nui o n\u0101&nbsp;mahi hala kahiki ma ka w\u0101 mahi k\u014d a \u02bbo ke Kauna\u02bboa ka meakanu i ho\u02bbohanohano nui \u02bbia ma k\u0113ia mokupuni.&nbsp;<\/p>\n\n\n\n<p><strong>Description<\/strong><\/p>\n\n\n\n<p>Island in Maui County, also known as N\u0101-na\u02bbi, 13\u00bc miles long, 13 miles wide, with an area of 140 square miles and a 1970 population of 2,204; also elementary and high school. L\u0101-na\u02bbi City (1,624 feet elevation) is the major town. Epithet: L\u0101-na\u02bbi o Kaulul\u0101\u02bbau (L\u0101-na\u02bbi of Kaulul\u0101\u02bbau). Perhaps lit., day [of] conquest. (Place Names of Hawaii)<\/p>\n\n\n\n<p><strong>\u02bb\u014clelo kuhikuhi<\/strong><\/p>\n\n\n\n<p>E koho i\u0101 &#8220;L\u0101na\u02bbi&#8221; no n\u0101 kumuwaiwai pili i ka mokupuni o L\u0101na\u02bbi.<\/p>\n\n\n\n<p><strong>Instructions<\/strong><\/p>\n\n\n\n<p>Use for the island of L\u0101na\u02bbi.<\/p>\n\n\n\n<p><strong>Mo\u02bbok\u016b\u02bbauhau | Genealogy<\/strong><\/p>\n\n\n\n<p><em>Kanaka | Person:<\/em> Kaulul\u0101\u02bbau; Walter Murray Gibson<\/p>\n\n\n\n<p><strong>Hana | Practice:<\/strong> <a href=\"https:\/\/www.hawaii.edu\/kawaihapai\/hana-list\/mahi-hala-kahiki\/\" data-type=\"page\" data-id=\"1729\">Mahi hala kahiki<\/a><\/p>\n\n\n\n<p><strong><strong>K\u016bmole | Source(s)<\/strong><\/strong><\/p>\n\n\n\n<p><a href=\"https:\/\/puke.ulukau.org\/ulukau-books\/?a=d&amp;d=EBOOK-ATLAS.2.2.2&amp;e=-------en-20--1--txt-txPT-maui+channel----------EBOOK%252DATLAS\">Juvik, Sonia P., James O. Juvik, and Thomas R. Paradise. \u201cAtlas of Hawai\u02bbi.\u201d Honolulu: University of Hawai\u02bbi Press, 1998. Ulukau: The Hawaiian Electronic Library. <\/a><\/p>\n\n\n\n<p><a href=\"https:\/\/geoportal.hawaii.gov\/datasets\/HiStateGIS::ahupuaa\/explore?location=20.793379%2C-156.929280%2C11.00\">\u201cL\u0101na\u02bbi,\u201d Hawaii Statewde GIS system (website).<\/a><\/p>\n\n\n\n<p><a href=\"https:\/\/hilo.hawaii.edu\/wehe\/?q=lanai#w2w2-10056\" target=\"_blank\" rel=\"noreferrer noopener\">&#8220;L\u0101na\u02bbi,&#8221;Pukui, Mary Kawena, and Samuel H. (Samuel Hoyt) Elbert. Hawaiian Dictionary\u202f: Hawaiian-English, English-Hawaiian. Rev. and enl. Ed. Honolulu: 东精影业 Press, 1986. Wehewehewiki: Hawaiian Language Dictionaries. <\/a><\/p>\n\n\n\n<p><a href=\"https:\/\/hilo.hawaii.edu\/wehe\/?q=nanai#w2w2-38262\">&#8220;N\u0101na\u02bbi,&#8221; Pukui, Mary Kawena, and Samuel H. (Samuel Hoyt) Elbert. Hawaiian Dictionary\u202f: Hawaiian-English, English-Hawaiian. Rev. and enl. Ed. Honolulu: 东精影业 Press, 1986. Wehewehewiki: Hawaiian Language Dictionaries.&nbsp;<\/a><\/p>\n\n\n\n<p><a href=\"http:\/\/chrome-extension:\/\/efaidnbmnnnibpcajpcglclefindmkaj\/https:\/\/blogs.ksbe.edu\/kelucas\/files\/2018\/08\/%CA%BBO-Wa%CC%84kea-Noho-ia%CC%84-Papaha%CC%84naumoku.pdf\">&#8220;\u02bbO W\u0101kea Noho i\u0101 Papah\u0101naumoku,&#8221; Kamehameha Schools blog. <\/a><\/p>\n\n\n\n<p><a href=\"https:\/\/ulukau.org\/ulukau-books\/?a=d&amp;d=EBOOK-PEPN.2.1.1&amp;e=-------haw-20--1--txt-txPT-----------\">Pukui, Mary Kawena, Samuel H. (Samuel Hoyt) Elbert, and Esther T. Mookini. Place Names of Hawaii. Rev. and enl. Ed. Honolulu: University Press of Hawaii, 1976. Ulukau: The Hawaiian Electronic Library.<\/a><\/p>\n\n\n\n<p><strong><strong>Ho\u02bbopili \u02bbia i | Applied to:<\/strong> <\/strong><a href=\"https:\/\/uhawaii-manoa.primo.exlibrisgroup.com\/discovery\/fulldisplay?docid=alma9947477614605682&amp;context=L&amp;vid=01UHAWAII_MANOA:MANOA&amp;lang=en&amp;adaptor=Local%20Search%20Engine&amp;tab=Everything\">E \u02bbike hou i\u0101 L\u0101na\u02bbi = To know L\u0101na\u02bbi once again : a historical reference and guide to the island of L\u0101na\u02bbi<\/a>, <a href=\"https:\/\/uhawaii-manoa.primo.exlibrisgroup.com\/permalink\/01UHAWAII_MANOA\/11uc19p\/alma9951066439505682\">Fantasy Island: from pineapple to tourist plantation on L\u0101na&#8217;i<\/a>, <a href=\"https:\/\/uhawaii-manoa.primo.exlibrisgroup.com\/permalink\/01UHAWAII_MANOA\/11uc19p\/alma996102404605682\">Hoike a ke Komite Wae e pili ana i ka hoopii o kekahi mau kanaka o Lanai, e like me ka olelo hooholo a Hon. L.A. Thurston <\/a><\/p>\n\n\n\n<p><strong><strong>Mea haku | Created by:<\/strong><\/strong> Na ka hui \u02bbimi na\u02bbauao o Ka Wai H\u0101pai<\/p>\n","protected":false},"excerpt":{"rendered":"<p>Inoa | Name(s) L\u0101na&#8217;i; N\u0101na\u02bbi; L\u0101na\u02bbi a Kaulul\u0101\u02bbau; L\u0101na\u02bbika\u02bbula Hi\u02bbona \u02bb\u0101ina | Land characteristic: Mokupuni Hi\u02bbona \u02bb\u0101ina o loko o k\u0113ia wahi | Feature(s) located within this place: Ka\u02bb\u0101; Paomai; Mahana; Maunalei; Kalulu; Kaunol\u016b; P\u0101l\u0101wai; Pa\u02bbawili; Kaohai; Kamao; Ke\u0101liaaupuni; Ke\u0101liakapu; &hellip; <\/p>\n","protected":false},"author":216,"featured_media":0,"parent":757,"menu_order":5,"comment_status":"closed","ping_status":"closed","template":"","meta":{"footnotes":""},"class_list":["post-661","page","type-page","status-publish","hentry"],"_links":{"self":[{"href":"https:\/\/www.hawaii.edu\/kawaihapai\/wp-json\/wp\/v2\/pages\/661","targetHints":{"allow":["GET"]}}],"collection":[{"href":"https:\/\/www.hawaii.edu\/kawaihapai\/wp-json\/wp\/v2\/pages"}],"about":[{"href":"https:\/\/www.hawaii.edu\/kawaihapai\/wp-json\/wp\/v2\/types\/page"}],"author":[{"embeddable":true,"href":"https:\/\/www.hawaii.edu\/kawaihapai\/wp-json\/wp\/v2\/users\/216"}],"replies":[{"embeddable":true,"href":"https:\/\/www.hawaii.edu\/kawaihapai\/wp-json\/wp\/v2\/comments?post=661"}],"version-history":[{"count":10,"href":"https:\/\/www.hawaii.edu\/kawaihapai\/wp-json\/wp\/v2\/pages\/661\/revisions"}],"predecessor-version":[{"id":2696,"href":"https:\/\/www.hawaii.edu\/kawaihapai\/wp-json\/wp\/v2\/pages\/661\/revisions\/2696"}],"up":[{"embeddable":true,"href":"https:\/\/www.hawaii.edu\/kawaihapai\/wp-json\/wp\/v2\/pages\/757"}],"wp:attachment":[{"href":"https:\/\/www.hawaii.edu\/kawaihapai\/wp-json\/wp\/v2\/media?parent=661"}],"curies":[{"name":"wp","href":"https:\/\/api.w.org\/{rel}","templated":true}]}}