  {"id":667,"date":"2023-06-11T16:42:30","date_gmt":"2023-06-12T02:42:30","guid":{"rendered":"https:\/\/www.hawaii.edu\/kawaihapai\/?page_id=667"},"modified":"2024-05-24T13:03:10","modified_gmt":"2024-05-24T23:03:10","slug":"ni%ca%bbihau","status":"publish","type":"page","link":"https:\/\/www.hawaii.edu\/kawaihapai\/ka-pae-%ca%bbaina-o-hawai%ca%bbi-na-kai-%ca%bbewalu\/ni%ca%bbihau\/","title":{"rendered":"Ni\u02bbihau"},"content":{"rendered":"\n<p><strong><strong>Inoa | Name(s)<\/strong><\/strong><\/p>\n\n\n\n<p>Ni\u02bbihau<\/p>\n\n\n\n<p><strong><strong>Hi\u02bbona \u02bb\u0101ina | Land characteristic:<\/strong><\/strong> Mokupuni\u00a0<\/p>\n\n\n\n<p><strong>Hi\u02bbona \u02bb\u0101ina o loko o k\u0113ia wahi | Feature(s) located within this place:<\/strong> Kona (Ni\u02bbihau); P\u0101n\u012b\u02bbau<\/p>\n\n\n\n<p><strong>Hi\u02bbona \u02bb\u0101ina nona k\u0113ia wahi | Feature(s) that contain this place:<\/strong> <a href=\"https:\/\/www.hawaii.edu\/kawaihapai\/ka-pae-\u02bbaina-o-hawai\u02bbi-na-kai-\u02bbewalu\/\">Pae \u02bb\u0101ina o Hawai\u02bbi<\/a><\/p>\n\n\n\n<p><strong>H\u014d\u02bbulu\u02bbulu mana\u02bbo<\/strong><\/p>\n\n\n\n<p>He mokupuni k\u0113ia ma ka pae \u02bb\u0101ina o Hawai\u02bbi. Kapa \u02bbia k\u0113ia mokupuni \u02bbo Ni\u02bbihau a Kahelelani, no ke ali\u02bbi kaulana o k\u0113ia mokupuni. \u02bbO kekahi mea, \u02bbO Kahelelani ka inoa o ka p\u016bp\u016b kaulana loa o k\u0113ia mokupuni. Wahi a ka mele ko\u02bbihonua, &#8220;\u02bbO W\u0101kea Noho i\u0101 Papah\u0101naumoku&#8221;, he keiki k\u0113ia mokupuni na W\u0101kea l\u0101ua \u02bbo Papah\u0101naumoku. \u02bbO P\u0101n\u012b\u02bbau ke kuahiwi nui o Ni\u02bbihau. K\u016b\u02bbai aku \u02bbia k\u0113ia mokupuni holo\u02bboko\u02bba e ka \u02bbohana Robinson. M\u0101lama \u02bbia ka \u02bb\u014dlelo Hawai\u02bbi ma Ni\u02bbihau, a aia kekahi o n\u0101&nbsp;m\u0101naleo hope loa o ka w\u0101 kahiko e noho ana ma laila.<\/p>\n\n\n\n<p><strong>Description<\/strong><\/p>\n\n\n\n<p>Island in Kaua\u02bbi County, 18 miles long, 6 miles wide, with an area of 73 square miles and a 1970 population of 237. Major village is Pu\u02bbuwai. (Place Names of Hawaii)<\/p>\n\n\n\n<p><strong>\u02bb\u014clelo kuhikuhi<\/strong><\/p>\n\n\n\n<p>E koho i\u0101 &#8220;Ni\u02bbihau&#8221; no n\u0101 kumuwaiwai pili i ka mokupuni o Ni\u02bbihau.<\/p>\n\n\n\n<p><strong>Instructions<\/strong><\/p>\n\n\n\n<p>Use for the island of Ni\u02bbihau.<\/p>\n\n\n\n<p><strong><strong>Mo\u02bbok\u016b\u02bbauhau | Genealogy<\/strong><\/strong><\/p>\n\n\n\n<p><em>\u02bbOhana | Family:<\/em> Ohana Kahelelani; <strong>\u02bb<\/strong>Ohana Robinson<\/p>\n\n\n\n<p><em>Kanaka | Person:<\/em> <strong> <\/strong>\u02bbAnak\u0113 Lolena Nicholas; \u02bbAnak\u0113 Tuti Kanahele<\/p>\n\n\n\n<p><strong><strong>Hana | Practice:<\/strong><\/strong> <a href=\"https:\/\/www.hawaii.edu\/kawaihapai\/hana-list\/hana-lei-pupu\/\" data-type=\"page\" data-id=\"1697\">Hana lei p\u016bp\u016b;<\/a> <a href=\"https:\/\/www.hawaii.edu\/kawaihapai\/hana-list\/%ca%bbolelo-hawai%ca%bbi\/\" data-type=\"page\" data-id=\"1739\">\u02bb\u014clelo Hawai\u02bbi;<\/a> <a href=\"https:\/\/www.hawaii.edu\/kawaihapai\/hana-list\/hanai-holoholona\/\" data-type=\"page\" data-id=\"1701\">H\u0101nai holoholona<\/a><\/p>\n\n\n\n<p><strong><strong>K\u016bmole | Source(s)<\/strong><\/strong><\/p>\n\n\n\n<p><a href=\"https:\/\/puke.ulukau.org\/ulukau-books\/?a=d&amp;d=EBOOK-ATLAS.2.1.1&amp;e=-------en-20--1--txt-txPT-atlas+of+hawaii----------EBOOK%252DATLAS\">Juvik, Sonia P., James O. Juvik, and Thomas R. Paradise. \u201cAtlas of Hawai\u02bbi.\u201d Honolulu: University of Hawai\u02bbi Press, 1998. Ulukau: The Hawaiian Electronic Library. <\/a><\/p>\n\n\n\n<p><a href=\"https:\/\/www.youtube.com\/watch?v=nPremdnxQ0Q\">N\u0101 Loea: The Masters | Lolena Nicholas: Lolena&#8217;s Legacy. OiwiTV Youtube Channel. <\/a><\/p>\n\n\n\n<p><a href=\"https:\/\/puke.ulukau.org\/ulukau-books\/?a=d&amp;d=EBOOK-PEPN.2.3.17.6&amp;e=-------en-20--1--txt-txPT-----------\">&#8220;Ni\u02bbihau,&#8221; Pukui, Mary Kawena, Samuel H. (Samuel Hoyt) Elbert, and Esther T. Mookini. Place Names of Hawaii. Rev. and enl. Ed. Honolulu: University Press of Hawaii, 1976. Ulukau: The Hawaiian Electronic Library.&nbsp;<\/a><\/p>\n\n\n\n<p><a href=\"https:\/\/geoportal.hawaii.gov\/datasets\/HiStateGIS::moku\/explore?location=21.776681%2C-159.379641%2C9.00\">&#8220;Ni\u02bbihau,&#8221; Hawaii Statewde GIS system (website).<\/a><\/p>\n\n\n\n<p><strong><strong>Ho\u02bbopili \u02bbia i | Applied to:<\/strong><\/strong> <a href=\"https:\/\/uhawaii-manoa.primo.exlibrisgroup.com\/permalink\/01UHAWAII_MANOA\/11uc19p\/alma9921364914605682\">N\u0101 Leo o ke Kula Ni\u02bbihau o Kekaha<\/a>; <a href=\"https:\/\/uhawaii-manoa.primo.exlibrisgroup.com\/permalink\/01UHAWAII_MANOA\/11uc19p\/alma9911597204605682\">Ni\u02bbihau a brief history<\/a>; <a href=\"https:\/\/uhawaii-manoa.primo.exlibrisgroup.com\/permalink\/01UHAWAII_MANOA\/11uc19p\/alma9919354824605682\">Niihau : ka noho ana o ka poe Hawaii o keia manawa a me ka pono waiwai no ka nee hou ana aku<\/a>, <a href=\"https:\/\/uhawaii-manoa.primo.exlibrisgroup.com\/discovery\/fulldisplay?docid=alma9921000024605682&amp;context=L&amp;vid=01UHAWAII_MANOA:MANOA&amp;lang=en&amp;adaptor=Local%20Search%20Engine&amp;tab=Everything\" target=\"_blank\" rel=\"noreferrer noopener\"><\/a><a href=\"https:\/\/uhawaii-manoa.primo.exlibrisgroup.com\/discovery\/fulldisplay?docid=alma9921000024605682&amp;context=L&amp;vid=01UHAWAII_MANOA:MANOA&amp;lang=en&amp;adaptor=Local%20Search%20Engine&amp;tab=Everything\" target=\"_blank\" rel=\"noreferrer noopener\">P\u016bp\u016b \u02bbo Ni\u02bbihau = Shell leis of Ni\u02bbihau<\/a><\/p>\n\n\n\n<p><strong><strong>Mea haku | Created by:\u00a0<\/strong><\/strong>Na ka hui \u02bbimi na\u02bbauao o Ka Wai H\u0101pai<\/p>\n","protected":false},"excerpt":{"rendered":"<p>Inoa | Name(s) Ni\u02bbihau Hi\u02bbona \u02bb\u0101ina | Land characteristic: Mokupuni\u00a0 Hi\u02bbona \u02bb\u0101ina o loko o k\u0113ia wahi | Feature(s) located within this place: Kona (Ni\u02bbihau); P\u0101n\u012b\u02bbau Hi\u02bbona \u02bb\u0101ina nona k\u0113ia wahi | Feature(s) that contain this place: Pae \u02bb\u0101ina o &hellip; <\/p>\n","protected":false},"author":216,"featured_media":0,"parent":757,"menu_order":8,"comment_status":"closed","ping_status":"closed","template":"","meta":{"footnotes":""},"class_list":["post-667","page","type-page","status-publish","hentry"],"_links":{"self":[{"href":"https:\/\/www.hawaii.edu\/kawaihapai\/wp-json\/wp\/v2\/pages\/667","targetHints":{"allow":["GET"]}}],"collection":[{"href":"https:\/\/www.hawaii.edu\/kawaihapai\/wp-json\/wp\/v2\/pages"}],"about":[{"href":"https:\/\/www.hawaii.edu\/kawaihapai\/wp-json\/wp\/v2\/types\/page"}],"author":[{"embeddable":true,"href":"https:\/\/www.hawaii.edu\/kawaihapai\/wp-json\/wp\/v2\/users\/216"}],"replies":[{"embeddable":true,"href":"https:\/\/www.hawaii.edu\/kawaihapai\/wp-json\/wp\/v2\/comments?post=667"}],"version-history":[{"count":12,"href":"https:\/\/www.hawaii.edu\/kawaihapai\/wp-json\/wp\/v2\/pages\/667\/revisions"}],"predecessor-version":[{"id":2714,"href":"https:\/\/www.hawaii.edu\/kawaihapai\/wp-json\/wp\/v2\/pages\/667\/revisions\/2714"}],"up":[{"embeddable":true,"href":"https:\/\/www.hawaii.edu\/kawaihapai\/wp-json\/wp\/v2\/pages\/757"}],"wp:attachment":[{"href":"https:\/\/www.hawaii.edu\/kawaihapai\/wp-json\/wp\/v2\/media?parent=667"}],"curies":[{"name":"wp","href":"https:\/\/api.w.org\/{rel}","templated":true}]}}