  {"id":750,"date":"2023-06-13T12:44:06","date_gmt":"2023-06-13T22:44:06","guid":{"rendered":"https:\/\/www.hawaii.edu\/kawaihapai\/?page_id=750"},"modified":"2024-05-24T12:52:54","modified_gmt":"2024-05-24T22:52:54","slug":"napali","status":"publish","type":"page","link":"https:\/\/www.hawaii.edu\/kawaihapai\/napali\/","title":{"rendered":"N\u0101pali"},"content":{"rendered":"\n<p><strong><strong>Inoa | Name(s)<\/strong><\/strong><\/p>\n\n\n\n<p>N\u0101pali<\/p>\n\n\n\n<p><strong>Hi\u02bbona \u02bb\u0101ina | Land characteristic:<\/strong> Moku<\/p>\n\n\n\n<p><strong>Hi\u02bbona \u02bb\u0101ina o loko o k\u0113ia wahi | Feature(s) located within this place:<\/strong> Hanakoa; Hanak\u0101p\u012b\u02bbai; Honop\u016b; Kalalau; P\u014dhauao<\/p>\n\n\n\n<p><strong>Hi\u02bbona \u02bb\u0101ina nona k\u0113ia wahi | Feature(s) that contain this place:<\/strong> <a href=\"https:\/\/www.hawaii.edu\/kawaihapai\/ka-pae-%ca%bbaina-o-hawai%ca%bbi-na-kai-%ca%bbewalu\/kaua%ca%bbi\/\" data-type=\"page\" data-id=\"665\">Kaua\u02bbi<\/a><\/p>\n\n\n\n<p><strong>H\u014d\u02bbulu\u02bbulu mana\u02bbo<\/strong><\/p>\n\n\n\n<p>He moku k\u0113ia ma ka mokupuni o Kaua\u02bbi. Aia ma ka \u02bbao\u02bbao \u02bb\u0101kau a komohana o ka mokupuni, ma waena o ka moku o Halele\u02bba, ma ka \u02bbao \u02bbao \u02bb\u0101kau, a me Kona, ma ka \u02bbao\u02bbao hema. Kaulana k\u0113ia wahi no n\u0101 pali ki\u02bbeki\u02bbe loa a k\u016b kokoke ana ma kahi o ke kai. Aia he mau wahi ma k\u0113ia moku i kapa \u02bbia kona inoa no n\u0101 menehune i noho ma k\u0113ia mokupuni ma mua o n\u0101 k\u0101naka Hawai\u02bbi. Ma mua, noho n\u0101 k\u0101naka ma ke aw\u0101wa o k\u0113ia wahi, ak\u0101 i k\u0113ia mau l\u0101 \u02bba\u02bbohe k\u0101naka e noho ana ma laila ma ke \u02bbano he k\u016blana kauhale. Kaulana k\u0113ia wahi no ka hana lawai\u02bba, a me ka hele mai ana i n\u0101 holoholona o ke kai e like me ke kohol\u0101. \u02bb\u014clelo \u02bbia, &#8220;Ke ahi lele o K\u0101maile&#8221; no ka \u02bb\u014dahi nui \u02bbana o n\u0101&nbsp;k\u0101naka o k\u0113ia wahi. Kaulana \u02bbO Kaluaiko\u02bbolau a me k\u0101na wahine \u02bbO Pi\u02bbilani no ka pe\u02bbe \u02bbana ma n\u0101 aw\u0101wa o k\u0113ia wahi, i ho\u02bbopa\u02bbahao \u02bbole \u02bbia \u02bbo Kaluaiko\u02bbolau a ho\u02bbouna \u02bbia i Kalaupapa \u02bboiai p\u0101 ihola \u02bbo ia i ka ma\u02bbi lepera.&nbsp;<\/p>\n\n\n\n<p><strong>Description<\/strong><\/p>\n\n\n\n<p>Coastal area, State park, forest reserve, and old district, northwest Kaua\u02bbi. (Place names of Hawai\u02bbi)<\/p>\n\n\n\n<p><strong>\u02bb\u014clelo kuhikuhi<\/strong><\/p>\n\n\n\n<p>E koho i\u0101 &#8220;N\u0101pali (Kaua\u02bbi)&#8221; no n\u0101 kumuwaiwai pili i ka moku o N\u0101pali ma ka mokupuni o Kaua\u02bbi. No n\u0101 wahi i kapa \u02bbia ka mea like ma ka lua pali o K\u012blauea, Hawai\u02bbi a me kahi ma O\u02bbahu, e \u02bbimi i ka hua\u02bb\u014dlelo k\u016bpono no k\u0113l\u0101 wahi pono\u02bb\u012b .<\/p>\n\n\n\n<p><strong>Instructions<\/strong><\/p>\n\n\n\n<p>Use for the moku on Kaua\u02bbi. Not to be confused with the overlook at the K\u012blauea, Hawai\u02bbi that was covered by lava or the street name at Wilhemina Rise on O\u02bbahu.<\/p>\n\n\n\n<p><strong><strong>Mo\u02bbok\u016b\u02bbauhau | Genealogy<\/strong><\/strong><\/p>\n\n\n\n<p><em>Akua | Deity:<\/em> <a href=\"https:\/\/www.hawaii.edu\/kawaihapai\/akua\/pelehonuamea\/\" data-type=\"page\" data-id=\"933\">Pele<\/a>; Kamapua\u02bba<\/p>\n\n\n\n<p><em>Kanaka | Person:<\/em> L\u0101\u02bbieikawai; Pi\u02bbilani; Kaluaiko\u02bbolau<\/p>\n\n\n\n<p><strong><strong>Hana | Practice:<\/strong><\/strong> <a href=\"https:\/\/www.hawaii.edu\/kawaihapai\/hana-list\/lawai%ca%bba\/\" data-type=\"page\" data-id=\"992\">Lawai\u02bba;<\/a> Hana \u02bb\u014dahi<\/p>\n\n\n\n<p><strong><strong>K\u016bmole | Source(s)<\/strong><\/strong><\/p>\n\n\n\n<p><a href=\"https:\/\/ulukau.org\/cgi-bin\/hpn?a=q&amp;r=1&amp;hs=1&amp;t=1&amp;e=q-0hpn--00-0-0--010---4----dtx--0-0l--1en-Zz-1---20-about---000321-000-10escapewin-00&amp;q=n%E4+pali&amp;h=dtx&amp;summarise=0\">\u201cN\u0101pali,\u201d Inoa \u02bb\u0100ina Hawai\u02bbi Database, Ulukau: The Hawaiian Electronic Library.<\/a><\/p>\n\n\n\n<p><a href=\"https:\/\/ulukau.org\/ulukau-books\/?a=d&amp;d=EBOOK-PEPN.2.1.1&amp;e=-------haw-20--1--txt-txPT-----------\">Pukui, Mary Kawena, Samuel H. (Samuel Hoyt) Elbert, and Esther T. Mookini. Place Names of Hawaii. Rev. and enl. Ed. Honolulu: University Press of Hawaii, 1976. Ulukau: The Hawaiian Electronic Library.<\/a><\/p>\n\n\n\n<p>Wichman, Frederick B.&nbsp;<em>Kaua\u02bbi\u202f: Ancient Place-Names and Their Stories<\/em>. Honolulu: University of Hawai\u02bbi Press, 1998.<\/p>\n\n\n\n<p><strong><strong>Ho\u02bbopili \u02bbia i | Applied to:\u00a0<\/strong><\/strong><a href=\"https:\/\/uhawaii-manoa.primo.exlibrisgroup.com\/permalink\/01UHAWAII_MANOA\/11uc19p\/alma9918775184605682\">N\u0101pali District: (Hanak\u0101pi&#8217;ai, Hanakoa, P\u014dhaku&#8217;au, Kalalau, Honop\u016b, Nu&#8217;alolo, Awaawapuhi<\/a>, <a href=\"https:\/\/uhawaii-manoa.primo.exlibrisgroup.com\/permalink\/01UHAWAII_MANOA\/11uc19p\/alma9924560244605682\">Hana ka lima, \u02bbai ka waha&#8221; : a collection of historical accounts and oral history interviews with kama\u02bb\u0101ina residents and fisher-people of lands in the Halele\u02bba-N\u0101pali region on the Island of Kaua\u02bbi<\/a>,<\/p>\n\n\n\n<p><strong><strong>Mea haku | Created by:\u00a0<\/strong><\/strong>Na ka hui \u02bbimi na\u02bbauao o Ka Wai H\u0101pai<\/p>\n","protected":false},"excerpt":{"rendered":"<p>Inoa | Name(s) N\u0101pali Hi\u02bbona \u02bb\u0101ina | Land characteristic: Moku Hi\u02bbona \u02bb\u0101ina o loko o k\u0113ia wahi | Feature(s) located within this place: Hanakoa; Hanak\u0101p\u012b\u02bbai; Honop\u016b; Kalalau; P\u014dhauao Hi\u02bbona \u02bb\u0101ina nona k\u0113ia wahi | Feature(s) that contain this place: Kaua\u02bbi &hellip; <\/p>\n","protected":false},"author":216,"featured_media":0,"parent":0,"menu_order":0,"comment_status":"closed","ping_status":"closed","template":"","meta":{"footnotes":""},"class_list":["post-750","page","type-page","status-publish","hentry"],"_links":{"self":[{"href":"https:\/\/www.hawaii.edu\/kawaihapai\/wp-json\/wp\/v2\/pages\/750","targetHints":{"allow":["GET"]}}],"collection":[{"href":"https:\/\/www.hawaii.edu\/kawaihapai\/wp-json\/wp\/v2\/pages"}],"about":[{"href":"https:\/\/www.hawaii.edu\/kawaihapai\/wp-json\/wp\/v2\/types\/page"}],"author":[{"embeddable":true,"href":"https:\/\/www.hawaii.edu\/kawaihapai\/wp-json\/wp\/v2\/users\/216"}],"replies":[{"embeddable":true,"href":"https:\/\/www.hawaii.edu\/kawaihapai\/wp-json\/wp\/v2\/comments?post=750"}],"version-history":[{"count":7,"href":"https:\/\/www.hawaii.edu\/kawaihapai\/wp-json\/wp\/v2\/pages\/750\/revisions"}],"predecessor-version":[{"id":2704,"href":"https:\/\/www.hawaii.edu\/kawaihapai\/wp-json\/wp\/v2\/pages\/750\/revisions\/2704"}],"wp:attachment":[{"href":"https:\/\/www.hawaii.edu\/kawaihapai\/wp-json\/wp\/v2\/media?parent=750"}],"curies":[{"name":"wp","href":"https:\/\/api.w.org\/{rel}","templated":true}]}}